ate the highest common divisor of n and 18.
2
Suppose 4*d - 5*b = -0*b + 120, d = b + 30. Calculate the highest common factor of 10 and d.
10
Let j = 9 - 5. Suppose 0 = -3*k + 35 + 61. Calculate the greatest common divisor of j and k.
4
Let r(u) = u**3 + u**2 + 3*u - 2. Let l be r(4). Let y = -34 + l. Let d = 1024 - 1017. Calculate the highest common factor of y and d.
7
Let u(a) = a**3 - 5*a**2 + a + 3. Let p be u(6). Suppose -p = -d - 4*d. Let b = 19 - d. What is the greatest common divisor of b and 30?
10
Let b be ((-16)/20)/((-1)/90). What is the highest common factor of 8 and b?
8
Suppose 5*b = 4 + 16. Suppose -3*f - l = -b*f + 19, -f + 3*l = -9. What is the highest common divisor of 6 and f?
6
Let q(n) = -n**2 - 5*n + 3. Let i be q(-3). Let o be i - ((-3 - 0) + 2). Let u = -5 - -15. What is the greatest common divisor of o and u?
10
Let f = -35 - -43. What is the highest common factor of 72 and f?
8
Let w(y) = -2*y**2 + 18*y - 21. Let r be w(7). What is the greatest common factor of r and 21?
7
Suppose 4 - 29 = -5*f. Let c be 0 - (-15)/(-9)*-3. What is the highest common divisor of c and f?
5
Let x(g) = g**2 + 11*g + 10. Let a be x(-8). Let c be (14/4)/((-7)/a). Calculate the greatest common divisor of c and 14.
7
Suppose -3*y - 2*y + 4*q + 273 = 0, -3*y + 2*q + 165 = 0. What is the greatest common divisor of y and 57?
57
Suppose -2*b = 4*l - 326, -5*l + 0*b = 2*b - 410. Let s be ((-12)/9)/(4/(-42)). Calculate the greatest common divisor of s and l.
14
Suppose 5*x = -y - 13 + 36, -4*y - x = 3. Let a be ((-3)/2 - y)*12. Calculate the highest common factor of 18 and a.
6
Suppose 26 = -5*m + 7*m. Let d(l) be the second derivative of 39*l**4/4 + l**3/6 - l**2/2 + l. Let v be d(1). What is the greatest common divisor of m and v?
13
Let p be ((-15)/20)/((-2)/(-48)). Let u = p - -28. Calculate the highest common divisor of 2 and u.
2
Suppose 7*h - 8*h + 4 = 0. Suppose -3*k + 6 = 0, 3*t - 5*k - 8 = 66. Calculate the greatest common divisor of h and t.
4
Suppose -2*u + 28 = -2. Calculate the highest common factor of u and 30.
15
Let y be 1 + 1 - (-20 - 0). Let w be (1 - y)*2/6. Let f(g) = -g**3 - 5*g**2 + 6*g + 10. Let p be f(w). What is the highest common factor of 6 and p?
6
Let m(n) = n**2 + 5*n - 7. Let y be m(-7). Let r = y - 2. Let t = -21 + 41. Calculate the highest common factor of t and r.
5
Let w(g) = -g**2 - 15*g - 18. Let l be w(-13). What is the greatest common divisor of l and 8?
8
Let b be 16 + -3*(-5)/(-3). What is the greatest common divisor of b and 11?
11
Let h = -1 + 1. Let l be (h + -51)*(-4)/3. Suppose l + 92 = 4*y. Calculate the highest common divisor of y and 5.
5
Let k be (21/6)/((-2)/8). Let v(o) = -o**2 - 4*o + 7. Let f be v(-8). Let u = k - f. Calculate the highest common factor of 11 and u.
11
Suppose 0*f + 2*f = 32. Let n be (8/(-12))/((-2)/(-30)). Let z be n*((-16)/5)/2. What is the greatest common divisor of z and f?
16
Suppose 5*u = 205 + 80. Let k = -25 - -10. Let g = u + k. What is the greatest common divisor of g and 28?
14
Let r = -109 + 137. Calculate the highest common factor of 12 and r.
4
Let l = -50 - -78. What is the highest common divisor of 7 and l?
7
Let o(r) = -r**3 + 8*r**2 - 7*r. Let m be o(7). Suppose m = 4*k + 6 - 46. Let i = -14 + 44. What is the greatest common divisor of i and k?
10
Let w = 40 - 7. What is the greatest common divisor of w and 44?
11
Suppose 2*f = f + 4*u + 30, -2*f = 5*u - 8. What is the greatest common divisor of f and 28?
14
Let y(h) be the second derivative of h**4/2 - 7*h**3/6 + 3*h**2 - 3*h. Let s be y(6). What is the greatest common factor of 20 and s?
20
Let d be -3*(3 + 13/(-3)). Suppose -2*c = 5*p - 28, -3*c = c + d*p - 56. What is the greatest common divisor of 7 and c?
7
Suppose -s = -2*q - 3*s + 22, 4*q - 4*s - 84 = 0. Suppose 214 - 14 = -5*x. Let c be ((-2)/1)/(10/x). Calculate the greatest common divisor of c and q.
8
Let z be (-183)/(-15) + (-1)/5. Let r(c) = -c**2 - 7*c + 2. Let h be r(-6). What is the highest common factor of h and z?
4
Let z(g) = -g**2 + 15*g - 12. Let p be z(13). What is the greatest common divisor of 2 and p?
2
Let i be 1/(1/(-2)*-1). Let r = i - -88. What is the greatest common factor of 10 and r?
10
Suppose j + 4*j = 135. Let o be (0 - -1)/(2/6). What is the highest common divisor of j and o?
3
Let d(h) = 10*h + 153. Let u be d(0). Calculate the highest common divisor of 9 and u.
9
Suppose -2*f + 38 = -0*f + y, -2*y + 58 = 3*f. Calculate the highest common divisor of f and 54.
18
Suppose 3*y - 4*f - 12 = -y, -y - 4*f = 2. Let l be (2 - 0) + 2 - 2. Calculate the highest common factor of l and y.
2
Suppose -8*w + 287 = -73. Calculate the greatest common factor of 9 and w.
9
Let o(g) = g**3 - 4*g**2 + g - 2. Let i be o(3). Let s = 13 + i. Suppose 3*p + 0*w = -w + 8, -s*p = 2*w - 12. What is the greatest common factor of 8 and p?
4
Let d = 9 - 3. Let y be (d/3*1)/2. Suppose 0 = x - 5*s + 10 + 3, -5*x + y = -3*s. What is the greatest common factor of x and 22?
2
Suppose 4*q - j = 2*j + 138, 0 = 5*j - 10. Suppose 5*s = 5*y - 35, 2*y + y + 5*s + 3 = 0. What is the highest common divisor of y and q?
4
Let g(d) = -68*d**3 + d**2 - d. Let m be g(1). Let h = -12 - m. Calculate the greatest common factor of h and 7.
7
Suppose -5*o = 2*h - 17, 4*h = 5*h + 2*o - 10. What is the highest common divisor of h and 160?
16
Let a = -68 - -94. Calculate the highest common factor of a and 234.
26
Let a be 3/4 + 114/8. Let r be (1 + (-1)/(-4))*4. Calculate the greatest common factor of r and a.
5
Let u = 3 + 1. Let y be 3*u/(-24)*-30. Calculate the greatest common divisor of 6 and y.
3
Let q be (-2)/4*0/1. Suppose q*o - 594 = -3*o. Calculate the greatest common factor of o and 18.
18
Suppose a = 6 - 3. Suppose -a*u - u = -40. Let n(b) = 2*b**2 - 14*b - 11. Let h be n(9). What is the highest common divisor of u and h?
5
Suppose -3*z - 10 = -52. Suppose -519 = -4*i - 2*f - f, 5*i + 4*f - 650 = 0. What is the greatest common divisor of z and i?
14
Let d be 40*((-13)/(-5) + -1). Let u = d + -44. Suppose 6*k + 0*k = 180. What is the greatest common factor of k and u?
10
Suppose q = 3*q. Suppose 2*g - g - 3 = q. Let u be -2 + g*411/9. Calculate the highest common factor of u and 15.
15
Suppose -3*o = -7*o - 2*z + 14, -2*z = -4*o + 26. Let r be (-46)/(-2) - (2 + -4). Calculate the highest common factor of o and r.
5
Let d(l) be the second derivative of 4*l - 4*l**2 - 1/2*l**3 + 0 + 1/6*l**4. Let p be d(6). Calculate the highest common divisor of p and 115.
23
Suppose -35 - 45 = -5*m. Let f = 5 + 6. Suppose -3*i + m = -f. What is the greatest common factor of i and 6?
3
Let q(n) = -n. Let h be q(-6). Let p be 26/h + (-2)/(-3). Let d = p - -22. What is the greatest common factor of 3 and d?
3
Let r be (-3)/(-6) - (-1)/(-2). Let j be (-1 - r) + (-15)/(-3). Suppose 2*h = 8 + 32. What is the highest common factor of j and h?
4
Suppose 0 = 4*s - 696 + 164. Suppose -p + 6 + 13 = 0. Calculate the greatest common factor of p and s.
19
Let a be (-2 - -2) + -2 - -5. Let w = 31 - 7. What is the greatest common factor of a and w?
3
Suppose 391 = 11*l - 324. What is the greatest common factor of 26 and l?
13
Let q be 17 - (-7)/(14/8). Let y = 39 - q. What is the highest common factor of y and 12?
6
Let g = 4 - -13. Let v = -26 + g. Let m be 3*6/v + 72. What is the highest common divisor of m and 10?
10
Let l be 4 - (-5)/(15/3). Calculate the greatest common factor of l and 40.
5
Let h(i) = -i**3 + 16*i**2 - 16*i + 36. Let c be h(15). Calculate the greatest common factor of c and 84.
21
Let q be 0 - -14 - -3 - 3. Let x(u) = -56*u. Let j be x(-1). Calculate the greatest common divisor of q and j.
14
Suppose 40 = -2*o + 72. Calculate the greatest common factor of 8 and o.
8
Let c = -159 - -247. Suppose 2*q - c = -2*q. Calculate the greatest common factor of 55 and q.
11
Let f be -1*168/15*-5. Suppose 4*x + 0*x = f. Calculate the greatest common divisor of 35 and x.
7
Suppose -4*k - 2*f = -144, -2*k - 2*f + 108 = k. What is the greatest common factor of k and 24?
12
Suppose 6 = -2*z, 0 = -v - 4*v - 2*z + 1149. What is the highest common factor of 21 and v?
21
Let a(v) = 2*v**2 - 6*v - 15. Let i be a(9). Calculate the highest common factor of i and 62.
31
Let b be ((-190)/(-8))/((-4